-- Создание таблиц
CREATE TABLE IF NOT EXISTS Издание (
    Индекс_издания INT PRIMARY KEY,
    Вид_издания VARCHAR(50) NOT NULL,
    Название_издания VARCHAR(50) NOT NULL,
    Стоимость_1мес INT NOT NULL
);

CREATE TABLE IF NOT EXISTS Получатель (
    Код_получателя INT PRIMARY KEY,
    ФИО_получателя VARCHAR(50) NOT NULL,  -- Увеличено с 30 до 50
    Улица VARCHAR(50) NOT NULL,
    Дом INT NOT NULL,
    Квартира INT NOT NULL
);

CREATE TABLE IF NOT EXISTS Подписка (
    Код_подписки SERIAL PRIMARY KEY,
    Код_получателя INT REFERENCES Получатель(Код_получателя),
    Индекс_издания INT REFERENCES Издание(Индекс_издания),
    Срок_подписки DATE NOT NULL,
    Месяц_начала DATE NOT NULL,
    Год_начала DATE NOT NULL
);

-- Заполнение таблиц тестовыми данными

-- Издания
INSERT INTO Издание VALUES (1, 'Газета', 'Известия', 1058);
INSERT INTO Издание VALUES (2, 'Газета', 'Аргументы и факты', 1562);
INSERT INTO Издание VALUES (3, 'Газета', 'Труд', 332);
INSERT INTO Издание VALUES (4, 'Газета', 'Российская газета', 1642);
INSERT INTO Издание VALUES (5, 'Газета', 'Ведомости', 1907);
INSERT INTO Издание VALUES (6, 'Газета', 'Московский комсомолец', 713);
INSERT INTO Издание VALUES (7, 'Газета', 'Спорт-экспресс', 1951);
INSERT INTO Издание VALUES (8, 'Газета', 'Правда', 570);
INSERT INTO Издание VALUES (9, 'Газета', 'Московский комсомолец', 449);
INSERT INTO Издание VALUES (10, 'Спортивный журнал', 'GQ', 1529);
INSERT INTO Издание VALUES (11, 'Литературный журнал', 'Мир ПК', 1230);
INSERT INTO Издание VALUES (12, 'Модный журнал', 'Популярная механика', 627);
INSERT INTO Издание VALUES (13, 'Модный журнал', 'National Geographic', 760);
INSERT INTO Издание VALUES (14, 'Медицинский журнал', 'Мир ПК', 1812);
INSERT INTO Издание VALUES (15, 'Спортивный журнал', 'National Geographic', 1816);
INSERT INTO Издание VALUES (16, 'Детский журнал', 'Наука и техника', 359);
INSERT INTO Издание VALUES (17, 'Технический журнал', 'Maxim', 1928);
INSERT INTO Издание VALUES (18, 'Экономический журнал', 'Наука и техника', 1376);
INSERT INTO Издание VALUES (19, 'Технический журнал', 'Домашний очаг', 358);
INSERT INTO Издание VALUES (20, 'Литературный журнал', 'Мир ПК', 1258);

-- Получатели
INSERT INTO Получатель VALUES (1, 'Васильев Александр Александрович', 'бул. Шевченко', 78, 92);
INSERT INTO Получатель VALUES (2, 'Смирнов Дмитрий Сергеевич', 'ш. Мая 1', 19, 29);
INSERT INTO Получатель VALUES (3, 'Павлов Андрей Иванович', 'наб. Тамбовская', 89, 61);
INSERT INTO Получатель VALUES (4, 'Смирнов Андрей Сергеевич', 'пер. Азина', 16, 40);
INSERT INTO Получатель VALUES (5, 'Иванов Александр Дмитриевич', 'алл. Приморская', 28, 10);
INSERT INTO Получатель VALUES (6, 'Васильев Иван Алексеевич', 'наб. Поселковая', 92, 6);
INSERT INTO Получатель VALUES (7, 'Сидоров Александр Андреевич', 'ул. Смоленская', 89, 90);
INSERT INTO Получатель VALUES (8, 'Васильев Алексей Владимирович', 'пр. Кузнечный', 92, 59);
INSERT INTO Получатель VALUES (9, 'Васильев Александр Иванович', 'ш. Кедровое', 6, 67);
INSERT INTO Получатель VALUES (10, 'Попов Евгений Сергеевич', 'наб. Лунная', 95, 31);
INSERT INTO Получатель VALUES (11, 'Петров Иван Иванович', 'пер. Серова', 37, 46);
INSERT INTO Получатель VALUES (12, 'Кузнецов Дмитрий Алексеевич', 'наб. Курортная', 72, 51);
INSERT INTO Получатель VALUES (13, 'Павлов Николай Сергеевич', 'пр. Степана Разина', 59, 63);
INSERT INTO Получатель VALUES (14, 'Васильев Андрей Евгеньевич', 'бул. 40 лет Октября', 42, 79);
INSERT INTO Получатель VALUES (15, 'Петров Евгений Владимирович', 'алл. Краснопартизанская', 93, 36);
INSERT INTO Получатель VALUES (16, 'Петров Михаил Алексеевич', 'бул. Короткий', 51, 29);
INSERT INTO Получатель VALUES (17, 'Кузнецов Андрей Михайлович', 'пер. Киевский', 26, 3);
INSERT INTO Получатель VALUES (18, 'Сидоров Владимир Владимирович', 'пр. Ульяновский', 33, 2);
INSERT INTO Получатель VALUES (19, 'Петров Владимир Евгеньевич', 'бул. Рыбацкий', 54, 83);
INSERT INTO Получатель VALUES (20, 'Васильев Владимир Сергеевич', 'пер. Тимирязева', 51, 20);
INSERT INTO Получатель VALUES (21, 'Семёнов Сергей Николаевич', 'наб. Западная', 87, 16);
INSERT INTO Получатель VALUES (22, 'Голубев Алексей Андреевич', 'наб. Кочубея', 45, 77);
INSERT INTO Получатель VALUES (23, 'Смирнов Михаил Александрович', 'пр. Азовский', 14, 93);
INSERT INTO Получатель VALUES (24, 'Сидоров Александр Владимирович', 'бул. Моховой', 90, 26);
INSERT INTO Получатель VALUES (25, 'Голубев Сергей Алексеевич', 'наб. Техническая', 29, 16);
INSERT INTO Получатель VALUES (26, 'Васильев Иван Дмитриевич', 'алл. Толбухина', 65, 4);
INSERT INTO Получатель VALUES (27, 'Смирнов Михаил Сергеевич', 'пер. Союзный', 51, 49);
INSERT INTO Получатель VALUES (28, 'Сидоров Алексей Владимирович', 'ул. Болотная', 45, 63);
INSERT INTO Получатель VALUES (29, 'Кузнецов Андрей Евгеньевич', 'алл. Свободы', 34, 76);
INSERT INTO Получатель VALUES (30, 'Сидоров Евгений Андреевич', 'алл. Придорожная', 53, 71);
INSERT INTO Получатель VALUES (31, 'Петров Андрей Дмитриевич', 'ул. Свободная', 92, 32);
INSERT INTO Получатель VALUES (32, 'Павлов Алексей Владимирович', 'наб. Матросова', 80, 2);
INSERT INTO Получатель VALUES (33, 'Смирнов Владимир Михайлович', 'наб. Гагарина', 25, 40);
INSERT INTO Получатель VALUES (34, 'Семёнов Михаил Владимирович', 'алл. Гагарина', 96, 70);
INSERT INTO Получатель VALUES (35, 'Голубев Владимир Андреевич', 'алл. Гвардейская', 44, 13);
INSERT INTO Получатель VALUES (36, 'Петров Владимир Сергеевич', 'пер. Пугачева', 39, 27);
INSERT INTO Получатель VALUES (37, 'Голубев Александр Александрович', 'бул. Красногвардейский', 18, 56);
INSERT INTO Получатель VALUES (38, 'Сидоров Иван Евгеньевич', 'бул. Ленинградский', 29, 97);
INSERT INTO Получатель VALUES (39, 'Смирнов Андрей Михайлович', 'пер. Советов', 35, 94);
INSERT INTO Получатель VALUES (40, 'Голубев Николай Алексеевич', 'бул. Детский', 40, 94);
INSERT INTO Получатель VALUES (41, 'Сидоров Михаил Сергеевич', 'наб. Ленина', 53, 19);
INSERT INTO Получатель VALUES (42, 'Павлов Дмитрий Сергеевич', 'алл. Рыбацкая', 99, 47);
INSERT INTO Получатель VALUES (43, 'Васильев Владимир Алексеевич', 'алл. Карбышева', 63, 45);
INSERT INTO Получатель VALUES (44, 'Голубев Сергей Евгеньевич', 'ул. Смоленская', 50, 24);
INSERT INTO Получатель VALUES (45, 'Семёнов Николай Иванович', 'ул. Новоселов', 91, 46);
INSERT INTO Получатель VALUES (46, 'Смирнов Алексей Михайлович', 'пр. Баумана', 96, 72);
INSERT INTO Получатель VALUES (47, 'Васильев Александр Дмитриевич', 'алл. Союзная', 25, 63);
INSERT INTO Получатель VALUES (48, 'Кузнецов Андрей Андреевич', 'наб. Революционная', 79, 41);
INSERT INTO Получатель VALUES (49, 'Кузнецов Александр Алексеевич', 'ул. Запрудная', 89, 18);
INSERT INTO Получатель VALUES (50, 'Васильев Владимир Михайлович', 'ул. Краснофлотская', 91, 18);
INSERT INTO Получатель VALUES (51, 'Иванов Алексей Владимирович', 'алл. Ермака', 11, 61);
INSERT INTO Получатель VALUES (52, 'Иванов Дмитрий Александрович', 'наб. Заозерная', 83, 29);
INSERT INTO Получатель VALUES (53, 'Павлов Дмитрий Евгеньевич', 'бул. Нефтяников', 36, 61);
INSERT INTO Получатель VALUES (54, 'Васильев Иван Александрович', 'бул. Глинки', 68, 48);
INSERT INTO Получатель VALUES (55, 'Голубев Дмитрий Александрович', 'ул. Репина', 16, 67);
INSERT INTO Получатель VALUES (56, 'Иванов Михаил Андреевич', 'бул. Фадеева', 62, 53);
INSERT INTO Получатель VALUES (57, 'Кузнецов Андрей Алексеевич', 'бул. Сплавный', 33, 12);
INSERT INTO Получатель VALUES (58, 'Васильев Дмитрий Иванович', 'пр. Гайдара', 90, 92);
INSERT INTO Получатель VALUES (59, 'Павлов Михаил Сергеевич', 'бул. 9 Января', 71, 79);
INSERT INTO Получатель VALUES (60, 'Смирнов Михаил Александрович', 'пер. Алтайский', 3, 28);
INSERT INTO Получатель VALUES (61, 'Смирнов Евгений Николаевич', 'ш. Черемуховое', 14, 15);
INSERT INTO Получатель VALUES (62, 'Иванов Иван Евгеньевич', 'наб. Азина', 17, 10);
INSERT INTO Получатель VALUES (63, 'Смирнов Сергей Михайлович', 'ш. Новгородское', 75, 13);
INSERT INTO Получатель VALUES (64, 'Васильев Владимир Андреевич', 'пер. Весенний', 75, 70);
INSERT INTO Получатель VALUES (65, 'Павлов Андрей Сергеевич', 'ул. Толстого', 2, 24);
INSERT INTO Получатель VALUES (66, 'Иванов Алексей Иванович', 'ш. Микрорайон', 51, 99);
INSERT INTO Получатель VALUES (67, 'Смирнов Дмитрий Николаевич', 'ул. Заовражная', 68, 82);
INSERT INTO Получатель VALUES (68, 'Голубев Иван Николаевич', 'ул. Тургенева', 70, 5);
INSERT INTO Получатель VALUES (69, 'Кузнецов Иван Алексеевич', 'пер. Интернациональный', 94, 81);
INSERT INTO Получатель VALUES (70, 'Иванов Алексей Николаевич', 'бул. Владимирский', 21, 29);
INSERT INTO Получатель VALUES (71, 'Кузнецов Евгений Александрович', 'ш. Речное', 59, 2);
INSERT INTO Получатель VALUES (72, 'Петров Сергей Михайлович', 'пр. Майский', 24, 62);
INSERT INTO Получатель VALUES (73, 'Смирнов Михаил Андреевич', 'бул. Народный', 12, 1);
INSERT INTO Получатель VALUES (74, 'Голубев Николай Александрович', 'алл. Тимирязева', 72, 23);
INSERT INTO Получатель VALUES (75, 'Семёнов Алексей Владимирович', 'ш. Промышленное', 16, 14);
INSERT INTO Получатель VALUES (76, 'Павлов Александр Иванович', 'алл. 9 мая', 7, 79);
INSERT INTO Получатель VALUES (77, 'Попов Александр Владимирович', 'ул. Выгонная', 30, 45);
INSERT INTO Получатель VALUES (78, 'Смирнов Михаил Александрович', 'ш. Панфилова', 32, 52);
INSERT INTO Получатель VALUES (79, 'Семёнов Алексей Михайлович', 'ул. Белорусская', 59, 33);
INSERT INTO Получатель VALUES (80, 'Сидоров Евгений Александрович', 'пер. Ватутина', 32, 36);
INSERT INTO Получатель VALUES (81, 'Павлов Алексей Дмитриевич', 'алл. Тукая', 64, 30);
INSERT INTO Получатель VALUES (82, 'Смирнов Михаил Николаевич', 'ш. Дальневосточное', 95, 21);
INSERT INTO Получатель VALUES (83, 'Васильев Сергей Дмитриевич', 'ш. Матросова', 63, 79);
INSERT INTO Получатель VALUES (84, 'Павлов Иван Михайлович', 'пр. Выгонный', 39, 36);
INSERT INTO Получатель VALUES (85, 'Сидоров Андрей Андреевич', 'ш. Олега Кошевого', 54, 99);
INSERT INTO Получатель VALUES (86, 'Васильев Владимир Александрович', 'пер. Тургенева', 27, 94);
INSERT INTO Получатель VALUES (87, 'Попов Алексей Иванович', 'алл. Энергетическая', 85, 90);
INSERT INTO Получатель VALUES (88, 'Сидоров Владимир Александрович', 'ул. Харьковская', 19, 51);
INSERT INTO Получатель VALUES (89, 'Петров Иван Сергеевич', 'пер. Мелиоративный', 29, 4);
INSERT INTO Получатель VALUES (90, 'Кузнецов Сергей Дмитриевич', 'ул. Родниковая', 25, 45);
INSERT INTO Получатель VALUES (91, 'Смирнов Владимир Евгеньевич', 'бул. Таманский', 90, 86);
INSERT INTO Получатель VALUES (92, 'Иванов Александр Михайлович', 'ш. М.Горького', 72, 11);
INSERT INTO Получатель VALUES (93, 'Петров Михаил Алексеевич', 'пер. Депутатский', 36, 68);
INSERT INTO Получатель VALUES (94, 'Семёнов Владимир Владимирович', 'наб. Сенная', 61, 94);
INSERT INTO Получатель VALUES (95, 'Иванов Александр Николаевич', 'алл. Базарная', 8, 19);
INSERT INTO Получатель VALUES (96, 'Попов Владимир Андреевич', 'бул. Р.Люксембург', 59, 26);
INSERT INTO Получатель VALUES (97, 'Кузнецов Владимир Михайлович', 'бул. Фабричный', 61, 99);
INSERT INTO Получатель VALUES (98, 'Сидоров Дмитрий Владимирович', 'ш. Приморское', 48, 74);
INSERT INTO Получатель VALUES (99, 'Сидоров Александр Михайлович', 'наб. Щетинкина', 54, 9);
INSERT INTO Получатель VALUES (100, 'Семёнов Владимир Николаевич', 'пер. Западный', 72, 73);
INSERT INTO Получатель VALUES (101, 'Павлов Евгений Дмитриевич', 'пер. Энергетический', 57, 39);
INSERT INTO Получатель VALUES (102, 'Смирнов Андрей Николаевич', 'наб. Лермонтова', 52, 89);
INSERT INTO Получатель VALUES (103, 'Попов Иван Дмитриевич', 'бул. Сиреневый', 86, 7);
INSERT INTO Получатель VALUES (104, 'Семёнов Владимир Александрович', 'пер. Пушкинский', 14, 29);
INSERT INTO Получатель VALUES (105, 'Семёнов Николай Дмитриевич', 'алл. Курганная', 41, 70);
INSERT INTO Получатель VALUES (106, 'Павлов Владимир Иванович', 'пер. Буденного', 65, 39);
INSERT INTO Получатель VALUES (107, 'Васильев Евгений Евгеньевич', 'наб. Калужская', 32, 69);
INSERT INTO Получатель VALUES (108, 'Васильев Александр Иванович', 'алл. Культуры', 97, 38);
INSERT INTO Получатель VALUES (109, 'Кузнецов Евгений Алексеевич', 'бул. Кедровый', 82, 42);
INSERT INTO Получатель VALUES (110, 'Попов Сергей Михайлович', 'алл. Терешковой', 15, 23);
INSERT INTO Получатель VALUES (111, 'Петров Андрей Николаевич', 'ул. Привокзальная', 68, 74);
INSERT INTO Получатель VALUES (112, 'Кузнецов Дмитрий Дмитриевич', 'ул. Ореховая', 56, 20);
INSERT INTO Получатель VALUES (113, 'Голубев Евгений Сергеевич', 'наб. Седова', 52, 22);
INSERT INTO Получатель VALUES (114, 'Сидоров Николай Сергеевич', 'пр. Леонова', 69, 67);
INSERT INTO Получатель VALUES (115, 'Голубев Иван Андреевич', 'бул. Зеленый', 54, 33);
INSERT INTO Получатель VALUES (116, 'Васильев Александр Сергеевич', 'наб. Тракторная', 98, 71);
INSERT INTO Получатель VALUES (117, 'Смирнов Андрей Андреевич', 'ул. Сплавная', 39, 3);
INSERT INTO Получатель VALUES (118, 'Попов Сергей Сергеевич', 'наб. Моховая', 47, 39);
INSERT INTO Получатель VALUES (119, 'Павлов Николай Александрович', 'ш. Высотное', 2, 45);
INSERT INTO Получатель VALUES (120, 'Смирнов Иван Михайлович', 'бул. Шоссейный', 78, 74);
INSERT INTO Получатель VALUES (121, 'Кузнецов Александр Михайлович', 'алл. Садовая', 99, 81);
INSERT INTO Получатель VALUES (122, 'Петров Алексей Николаевич', 'алл. Бригадная', 84, 98);
INSERT INTO Получатель VALUES (123, 'Павлов Николай Михайлович', 'алл. Подлесная', 13, 16);
INSERT INTO Получатель VALUES (124, 'Иванов Сергей Михайлович', 'наб. Советской Армии', 24, 88);
INSERT INTO Получатель VALUES (125, 'Попов Иван Николаевич', 'пр. Ивановский', 65, 41);
INSERT INTO Получатель VALUES (126, 'Петров Иван Евгеньевич', 'ш. Чайкиной', 66, 57);
INSERT INTO Получатель VALUES (127, 'Иванов Иван Николаевич', 'ул. Ушакова', 48, 49);
INSERT INTO Получатель VALUES (128, 'Семёнов Дмитрий Евгеньевич', 'алл. Серафимовича', 7, 96);
INSERT INTO Получатель VALUES (129, 'Смирнов Владимир Дмитриевич', 'пер. Спортивный', 5, 25);
INSERT INTO Получатель VALUES (130, 'Петров Дмитрий Александрович', 'пр. Школьный', 1, 38);
INSERT INTO Получатель VALUES (131, 'Петров Владимир Александрович', 'наб. Щербакова', 78, 28);
INSERT INTO Получатель VALUES (132, 'Иванов Алексей Дмитриевич', 'ул. Макаренко', 88, 71);
INSERT INTO Получатель VALUES (133, 'Кузнецов Михаил Владимирович', 'пер. Владимирский', 74, 57);
INSERT INTO Получатель VALUES (134, 'Сидоров Андрей Михайлович', 'ул. Больничная', 50, 22);
INSERT INTO Получатель VALUES (135, 'Семёнов Александр Александрович', 'бул. Уральский', 74, 99);
INSERT INTO Получатель VALUES (136, 'Попов Дмитрий Иванович', 'бул. Советской Армии', 35, 24);
INSERT INTO Получатель VALUES (137, 'Павлов Андрей Михайлович', 'ш. Льва Толстого', 9, 75);
INSERT INTO Получатель VALUES (138, 'Кузнецов Дмитрий Иванович', 'алл. Сельская', 6, 20);
INSERT INTO Получатель VALUES (139, 'Попов Иван Евгеньевич', 'ш. Блюхера', 4, 15);
INSERT INTO Получатель VALUES (140, 'Иванов Николай Михайлович', 'алл. Гафури', 54, 87);
INSERT INTO Получатель VALUES (141, 'Кузнецов Михаил Михайлович', 'ш. Трактовое', 53, 97);
INSERT INTO Получатель VALUES (142, 'Павлов Иван Сергеевич', 'ш. Циолковского', 61, 11);
INSERT INTO Получатель VALUES (143, 'Попов Владимир Сергеевич', 'алл. Димитрова', 8, 67);
INSERT INTO Получатель VALUES (144, 'Кузнецов Владимир Александрович', 'бул. Гафури', 52, 71);
INSERT INTO Получатель VALUES (145, 'Сидоров Владимир Владимирович', 'ш. М.Горького', 22, 7);
INSERT INTO Получатель VALUES (146, 'Смирнов Николай Евгеньевич', 'пр. Шаумяна', 80, 36);
INSERT INTO Получатель VALUES (147, 'Сидоров Александр Алексеевич', 'пр. Молодежный', 88, 80);
INSERT INTO Получатель VALUES (148, 'Кузнецов Евгений Сергеевич', 'алл. Коммунистическая', 62, 55);
INSERT INTO Получатель VALUES (149, 'Семёнов Сергей Евгеньевич', 'пр. Гончарова', 48, 27);
INSERT INTO Получатель VALUES (150, 'Семёнов Михаил Михайлович', 'наб. Хвойная', 83, 4);
INSERT INTO Получатель VALUES (151, 'Семёнов Сергей Иванович', 'ул. Проточная', 47, 87);
INSERT INTO Получатель VALUES (152, 'Иванов Андрей Дмитриевич', 'наб. Северная', 64, 43);
INSERT INTO Получатель VALUES (153, 'Голубев Алексей Алексеевич', 'бул. Озерный', 2, 77);
INSERT INTO Получатель VALUES (154, 'Кузнецов Михаил Николаевич', 'алл. Киевская', 17, 72);
INSERT INTO Получатель VALUES (155, 'Кузнецов Владимир Александрович', 'пер. Чехова', 34, 48);
INSERT INTO Получатель VALUES (156, 'Кузнецов Сергей Евгеньевич', 'бул. Революционный', 9, 76);
INSERT INTO Получатель VALUES (157, 'Васильев Владимир Иванович', 'алл. Льва Толстого', 53, 57);
INSERT INTO Получатель VALUES (158, 'Смирнов Андрей Николаевич', 'пер. Пушкинский', 71, 42);
INSERT INTO Получатель VALUES (159, 'Голубев Евгений Михайлович', 'пер. Попова', 91, 42);
INSERT INTO Получатель VALUES (160, 'Сидоров Алексей Александрович', 'бул. Набережный', 11, 83);
INSERT INTO Получатель VALUES (161, 'Сидоров Сергей Андреевич', 'бул. Баумана', 10, 96);
INSERT INTO Получатель VALUES (162, 'Кузнецов Михаил Дмитриевич', 'пр. Донской', 4, 84);
INSERT INTO Получатель VALUES (163, 'Иванов Михаил Сергеевич', 'бул. Хуторской', 96, 17);
INSERT INTO Получатель VALUES (164, 'Павлов Дмитрий Дмитриевич', 'ул. Базарная', 61, 88);
INSERT INTO Получатель VALUES (165, 'Семёнов Алексей Александрович', 'алл. Малая', 53, 62);
INSERT INTO Получатель VALUES (166, 'Смирнов Дмитрий Владимирович', 'бул. Коминтерна', 20, 96);
INSERT INTO Получатель VALUES (167, 'Петров Николай Иванович', 'пер. Ленский', 41, 81);
INSERT INTO Получатель VALUES (168, 'Васильев Александр Николаевич', 'алл. Правды', 3, 56);
INSERT INTO Получатель VALUES (169, 'Попов Владимир Николаевич', 'ул. Коммунаров', 81, 17);
INSERT INTO Получатель VALUES (170, 'Семёнов Николай Владимирович', 'бул. Клубный', 37, 81);
INSERT INTO Получатель VALUES (171, 'Семёнов Николай Александрович', 'пер. Пролетарский', 61, 58);
INSERT INTO Получатель VALUES (172, 'Попов Андрей Андреевич', 'ш. Московское', 35, 57);
INSERT INTO Получатель VALUES (173, 'Сидоров Николай Александрович', 'ул. Черняховского', 80, 92);
INSERT INTO Получатель VALUES (174, 'Иванов Иван Михайлович', 'ул. Алтайская', 75, 96);
INSERT INTO Получатель VALUES (175, 'Кузнецов Евгений Владимирович', 'алл. Воровского', 60, 88);
INSERT INTO Получатель VALUES (176, 'Петров Евгений Николаевич', 'пр. Камский', 50, 11);
INSERT INTO Получатель VALUES (177, 'Голубев Сергей Алексеевич', 'пр. Волгоградский', 62, 19);
INSERT INTO Получатель VALUES (178, 'Сидоров Алексей Николаевич', 'пр. Котовского', 12, 88);
INSERT INTO Получатель VALUES (179, 'Попов Владимир Владимирович', 'бул. Подгорный', 11, 1);
INSERT INTO Получатель VALUES (180, 'Павлов Евгений Дмитриевич', 'алл. Гаражная', 60, 96);
INSERT INTO Получатель VALUES (181, 'Васильев Евгений Михайлович', 'пер. Промышленный', 93, 22);
INSERT INTO Получатель VALUES (182, 'Сидоров Алексей Николаевич', 'алл. Радищева', 8, 54);
INSERT INTO Получатель VALUES (183, 'Голубев Дмитрий Евгеньевич', 'пр. Шаумяна', 42, 31);
INSERT INTO Получатель VALUES (184, 'Смирнов Алексей Алексеевич', 'алл. Коммунальная', 92, 53);
INSERT INTO Получатель VALUES (185, 'Иванов Михаил Иванович', 'пр. Локомотивный', 56, 45);
INSERT INTO Получатель VALUES (186, 'Петров Михаил Михайлович', 'ш. Буденного', 26, 36);
INSERT INTO Получатель VALUES (187, 'Петров Андрей Александрович', 'ш. Литейное', 34, 86);
INSERT INTO Получатель VALUES (188, 'Петров Александр Иванович', 'бул. Морозова', 49, 89);
INSERT INTO Получатель VALUES (189, 'Васильев Евгений Иванович', 'ш. Ушакова', 75, 6);
INSERT INTO Получатель VALUES (190, 'Семёнов Николай Евгеньевич', 'ул. Садовая', 34, 98);
INSERT INTO Получатель VALUES (191, 'Голубев Иван Сергеевич', 'бул. Выгонный', 11, 81);
INSERT INTO Получатель VALUES (192, 'Попов Андрей Евгеньевич', 'пер. Нагорный', 82, 98);
INSERT INTO Получатель VALUES (193, 'Васильев Сергей Владимирович', 'алл. Короткая', 60, 77);
INSERT INTO Получатель VALUES (194, 'Кузнецов Алексей Иванович', 'ш. Лесное', 36, 6);
INSERT INTO Получатель VALUES (195, 'Васильев Дмитрий Андреевич', 'пер. Мусы Джалиля', 65, 68);
INSERT INTO Получатель VALUES (196, 'Васильев Евгений Николаевич', 'пр. Солнечный', 44, 82);
INSERT INTO Получатель VALUES (197, 'Сидоров Алексей Алексеевич', 'пр. Донской', 36, 15);
INSERT INTO Получатель VALUES (198, 'Васильев Владимир Михайлович', 'алл. Новгородская', 7, 41);
INSERT INTO Получатель VALUES (199, 'Голубев Михаил Дмитриевич', 'ш. Котовского', 62, 13);
INSERT INTO Получатель VALUES (200, 'Голубев Андрей Иванович', 'ул. Труда', 82, 3);
INSERT INTO Получатель VALUES (201, 'Васильев Алексей Николаевич', 'алл. Олега Кошевого', 1, 42);
INSERT INTO Получатель VALUES (202, 'Павлов Николай Владимирович', 'пер. Окружной', 43, 9);
INSERT INTO Получатель VALUES (203, 'Васильев Алексей Алексеевич', 'пр. Запорожский', 37, 43);
INSERT INTO Получатель VALUES (204, 'Иванов Сергей Николаевич', 'ул. Олега Кошевого', 74, 92);
INSERT INTO Получатель VALUES (205, 'Сидоров Дмитрий Михайлович', 'бул. Менделеева', 14, 57);
INSERT INTO Получатель VALUES (206, 'Сидоров Дмитрий Николаевич', 'наб. Новостройка', 31, 77);
INSERT INTO Получатель VALUES (207, 'Кузнецов Иван Евгеньевич', 'пр. Фурманова', 71, 82);
INSERT INTO Получатель VALUES (208, 'Кузнецов Иван Евгеньевич', 'алл. Покровская', 31, 48);
INSERT INTO Получатель VALUES (209, 'Сидоров Сергей Евгеньевич', 'пр. Спортивный', 98, 89);
INSERT INTO Получатель VALUES (210, 'Смирнов Владимир Алексеевич', 'пр. Дружбы', 15, 61);
INSERT INTO Получатель VALUES (211, 'Попов Андрей Николаевич', 'бул. Дзержинского', 18, 62);
INSERT INTO Получатель VALUES (212, 'Павлов Михаил Михайлович', 'ул. Космонавтов', 1, 10);
INSERT INTO Получатель VALUES (213, 'Попов Андрей Дмитриевич', 'бул. Базарный', 52, 41);
INSERT INTO Получатель VALUES (214, 'Семёнов Сергей Николаевич', 'алл. Толстого', 69, 76);
INSERT INTO Получатель VALUES (215, 'Павлов Сергей Евгеньевич', 'алл. Правды', 8, 73);
INSERT INTO Получатель VALUES (216, 'Павлов Сергей Иванович', 'бул. Мирный', 52, 73);
INSERT INTO Получатель VALUES (217, 'Кузнецов Иван Евгеньевич', 'пр. Вавилова', 64, 53);
INSERT INTO Получатель VALUES (218, 'Смирнов Владимир Александрович', 'алл. Нахимова', 89, 71);
INSERT INTO Получатель VALUES (219, 'Голубев Евгений Владимирович', 'ш. Казачье', 97, 64);
INSERT INTO Получатель VALUES (220, 'Петров Николай Александрович', 'ш. Литейное', 67, 74);
INSERT INTO Получатель VALUES (221, 'Смирнов Михаил Алексеевич', 'пер. Коммунальный', 58, 8);
INSERT INTO Получатель VALUES (222, 'Петров Иван Иванович', 'алл. Дорожная', 26, 21);
INSERT INTO Получатель VALUES (223, 'Семёнов Александр Иванович', 'пер. Грибоедова', 55, 65);
INSERT INTO Получатель VALUES (224, 'Кузнецов Сергей Сергеевич', 'пер. Инженерный', 99, 2);
INSERT INTO Получатель VALUES (225, 'Голубев Николай Дмитриевич', 'ш. К.Маркса', 39, 15);
INSERT INTO Получатель VALUES (226, 'Голубев Николай Андреевич', 'ш. Бригадное', 17, 53);
INSERT INTO Получатель VALUES (227, 'Петров Андрей Евгеньевич', 'алл. Гайдара', 89, 1);
INSERT INTO Получатель VALUES (228, 'Смирнов Михаил Михайлович', 'бул. Глинки', 66, 91);
INSERT INTO Получатель VALUES (229, 'Голубев Михаил Сергеевич', 'пр. Черемушки', 42, 7);
INSERT INTO Получатель VALUES (230, 'Петров Андрей Евгеньевич', 'пер. З.Космодемьянской', 25, 30);
INSERT INTO Получатель VALUES (231, 'Сидоров Дмитрий Дмитриевич', 'ш. Амурское', 8, 82);
INSERT INTO Получатель VALUES (232, 'Васильев Иван Дмитриевич', 'наб. Ключевая', 75, 81);
INSERT INTO Получатель VALUES (233, 'Васильев Андрей Дмитриевич', 'алл. Микрорайон', 98, 64);
INSERT INTO Получатель VALUES (234, 'Петров Андрей Дмитриевич', 'пр. Автомобилистов', 74, 48);
INSERT INTO Получатель VALUES (235, 'Семёнов Николай Дмитриевич', 'пр. Алтайский', 80, 83);
INSERT INTO Получатель VALUES (236, 'Голубев Алексей Иванович', 'пр. Радищева', 23, 16);
INSERT INTO Получатель VALUES (237, 'Голубев Дмитрий Андреевич', 'пер. Чехова', 81, 55);
INSERT INTO Получатель VALUES (238, 'Голубев Дмитрий Алексеевич', 'бул. Коммунистический', 16, 22);
INSERT INTO Получатель VALUES (239, 'Васильев Алексей Дмитриевич', 'бул. Высоцкого', 94, 65);
INSERT INTO Получатель VALUES (240, 'Попов Михаил Сергеевич', 'ул. Садовая', 83, 83);
INSERT INTO Получатель VALUES (241, 'Иванов Алексей Николаевич', 'пер. Полярный', 52, 24);
INSERT INTO Получатель VALUES (242, 'Иванов Алексей Алексеевич', 'алл. 60 лет СССР', 9, 55);
INSERT INTO Получатель VALUES (243, 'Семёнов Сергей Андреевич', 'наб. Фестивальная', 9, 87);
INSERT INTO Получатель VALUES (244, 'Васильев Михаил Михайлович', 'пер. Деповский', 99, 66);
INSERT INTO Получатель VALUES (245, 'Иванов Александр Дмитриевич', 'ш. Февральское', 22, 64);
INSERT INTO Получатель VALUES (246, 'Голубев Владимир Евгеньевич', 'алл. Красных Партизан', 92, 45);
INSERT INTO Получатель VALUES (247, 'Кузнецов Михаил Дмитриевич', 'бул. Абрикосовый', 30, 92);
INSERT INTO Получатель VALUES (248, 'Васильев Михаил Иванович', 'наб. Краснознаменная', 74, 38);
INSERT INTO Получатель VALUES (249, 'Сидоров Александр Дмитриевич', 'ш. 8 Марта', 49, 23);
INSERT INTO Получатель VALUES (250, 'Семёнов Алексей Александрович', 'алл. Макарова', 96, 99);

-- Подписки
INSERT INTO Подписка (Код_получателя, Индекс_издания, Срок_подписки, Месяц_начала, Год_начала) VALUES (195, 19, '2021-03-26', '2020-08-01', '2020-01-01');
INSERT INTO Подписка (Код_получателя, Индекс_издания, Срок_подписки, Месяц_начала, Год_начала) VALUES (20, 6, '2024-03-26', '2023-03-01', '2023-01-01');
INSERT INTO Подписка (Код_получателя, Индекс_издания, Срок_подписки, Месяц_начала, Год_начала) VALUES (190, 19, '2020-11-15', '2020-07-01', '2020-01-01');
INSERT INTO Подписка (Код_получателя, Индекс_издания, Срок_подписки, Месяц_начала, Год_начала) VALUES (103, 19, '2023-05-05', '2023-03-01', '2023-01-01');
INSERT INTO Подписка (Код_получателя, Индекс_издания, Срок_подписки, Месяц_начала, Год_начала) VALUES (15, 17, '2023-11-17', '2023-10-01', '2023-01-01');
INSERT INTO Подписка (Код_получателя, Индекс_издания, Срок_подписки, Месяц_начала, Год_начала) VALUES (121, 20, '2023-08-21', '2022-12-01', '2022-01-01');
INSERT INTO Подписка (Код_получателя, Индекс_издания, Срок_подписки, Месяц_начала, Год_начала) VALUES (63, 19, '2022-10-03', '2022-08-01', '2022-01-01');
INSERT INTO Подписка (Код_получателя, Индекс_издания, Срок_подписки, Месяц_начала, Год_начала) VALUES (45, 16, '2023-07-18', '2022-12-01', '2022-01-01');
INSERT INTO Подписка (Код_получателя, Индекс_издания, Срок_подписки, Месяц_начала, Год_начала) VALUES (150, 16, '2020-09-06', '2020-07-01', '2020-01-01');
INSERT INTO Подписка (Код_получателя, Индекс_издания, Срок_подписки, Месяц_начала, Год_начала) VALUES (20, 17, '2022-06-27', '2021-10-01', '2021-01-01');
INSERT INTO Подписка (Код_получателя, Индекс_издания, Срок_подписки, Месяц_начала, Год_начала) VALUES (193, 14, '2023-03-07', '2022-04-01', '2022-01-01');
INSERT INTO Подписка (Код_получателя, Индекс_издания, Срок_подписки, Месяц_начала, Год_начала) VALUES (97, 16, '2023-01-29', '2022-09-01', '2022-01-01');
INSERT INTO Подписка (Код_получателя, Индекс_издания, Срок_подписки, Месяц_начала, Год_начала) VALUES (29, 6, '2022-04-07', '2021-07-01', '2021-01-01');
INSERT INTO Подписка (Код_получателя, Индекс_издания, Срок_подписки, Месяц_начала, Год_начала) VALUES (250, 8, '2021-12-07', '2021-06-01', '2021-01-01');
INSERT INTO Подписка (Код_получателя, Индекс_издания, Срок_подписки, Месяц_начала, Год_начала) VALUES (204, 8, '2022-05-29', '2022-01-01', '2022-01-01');
INSERT INTO Подписка (Код_получателя, Индекс_издания, Срок_подписки, Месяц_начала, Год_начала) VALUES (9, 6, '2021-07-09', '2021-01-01', '2021-01-01');
INSERT INTO Подписка (Код_получателя, Индекс_издания, Срок_подписки, Месяц_начала, Год_начала) VALUES (67, 19, '2021-11-04', '2021-04-01', '2021-01-01');
INSERT INTO Подписка (Код_получателя, Индекс_издания, Срок_подписки, Месяц_начала, Год_начала) VALUES (82, 12, '2022-03-31', '2021-09-01', '2021-01-01');
INSERT INTO Подписка (Код_получателя, Индекс_издания, Срок_подписки, Месяц_начала, Год_начала) VALUES (169, 14, '2023-02-23', '2023-01-01', '2023-01-01');
INSERT INTO Подписка (Код_получателя, Индекс_издания, Срок_подписки, Месяц_начала, Год_начала) VALUES (127, 7, '2021-04-14', '2020-11-01', '2020-01-01');
INSERT INTO Подписка (Код_получателя, Индекс_издания, Срок_подписки, Месяц_начала, Год_начала) VALUES (34, 11, '2023-01-07', '2022-08-01', '2022-01-01');
INSERT INTO Подписка (Код_получателя, Индекс_издания, Срок_подписки, Месяц_начала, Год_начала) VALUES (247, 10, '2020-09-12', '2020-06-01', '2020-01-01');
INSERT INTO Подписка (Код_получателя, Индекс_издания, Срок_подписки, Месяц_начала, Год_начала) VALUES (223, 5, '2021-01-01', '2020-04-01', '2020-01-01');
INSERT INTO Подписка (Код_получателя, Индекс_издания, Срок_подписки, Месяц_начала, Год_начала) VALUES (154, 8, '2022-12-15', '2022-07-01', '2022-01-01');
INSERT INTO Подписка (Код_получателя, Индекс_издания, Срок_подписки, Месяц_начала, Год_начала) VALUES (143, 5, '2021-06-22', '2020-12-01', '2020-01-01');
INSERT INTO Подписка (Код_получателя, Индекс_издания, Срок_подписки, Месяц_начала, Год_начала) VALUES (67, 20, '2022-08-04', '2021-08-01', '2021-01-01');
INSERT INTO Подписка (Код_получателя, Индекс_издания, Срок_подписки, Месяц_начала, Год_начала) VALUES (201, 1, '2022-02-09', '2021-12-01', '2021-01-01');
INSERT INTO Подписка (Код_получателя, Индекс_издания, Срок_подписки, Месяц_начала, Год_начала) VALUES (146, 14, '2024-05-14', '2023-09-01', '2023-01-01');
INSERT INTO Подписка (Код_получателя, Индекс_издания, Срок_подписки, Месяц_начала, Год_начала) VALUES (94, 6, '2024-08-07', '2023-11-01', '2023-01-01');
INSERT INTO Подписка (Код_получателя, Индекс_издания, Срок_подписки, Месяц_начала, Год_начала) VALUES (105, 3, '2021-07-01', '2021-01-01', '2021-01-01');
INSERT INTO Подписка (Код_получателя, Индекс_издания, Срок_подписки, Месяц_начала, Год_начала) VALUES (115, 6, '2023-06-02', '2022-08-01', '2022-01-01');
INSERT INTO Подписка (Код_получателя, Индекс_издания, Срок_подписки, Месяц_начала, Год_начала) VALUES (145, 10, '2024-01-29', '2023-11-01', '2023-01-01');
INSERT INTO Подписка (Код_получателя, Индекс_издания, Срок_подписки, Месяц_начала, Год_начала) VALUES (245, 5, '2023-11-17', '2023-03-01', '2023-01-01');
INSERT INTO Подписка (Код_получателя, Индекс_издания, Срок_подписки, Месяц_начала, Год_начала) VALUES (184, 3, '2022-10-16', '2022-07-01', '2022-01-01');
INSERT INTO Подписка (Код_получателя, Индекс_издания, Срок_подписки, Месяц_начала, Год_начала) VALUES (197, 3, '2022-05-14', '2021-11-01', '2021-01-01');
INSERT INTO Подписка (Код_получателя, Индекс_издания, Срок_подписки, Месяц_начала, Год_начала) VALUES (105, 8, '2021-09-04', '2020-09-01', '2020-01-01');
INSERT INTO Подписка (Код_получателя, Индекс_издания, Срок_подписки, Месяц_начала, Год_начала) VALUES (201, 12, '2020-11-28', '2020-01-01', '2020-01-01');
INSERT INTO Подписка (Код_получателя, Индекс_издания, Срок_подписки, Месяц_начала, Год_начала) VALUES (89, 6, '2023-11-20', '2023-04-01', '2023-01-01');
INSERT INTO Подписка (Код_получателя, Индекс_издания, Срок_подписки, Месяц_начала, Год_начала) VALUES (182, 14, '2023-05-21', '2022-10-01', '2022-01-01');
INSERT INTO Подписка (Код_получателя, Индекс_издания, Срок_подписки, Месяц_начала, Год_начала) VALUES (112, 9, '2022-06-27', '2021-09-01', '2021-01-01');
INSERT INTO Подписка (Код_получателя, Индекс_издания, Срок_подписки, Месяц_начала, Год_начала) VALUES (9, 15, '2023-05-06', '2023-02-01', '2023-01-01');
INSERT INTO Подписка (Код_получателя, Индекс_издания, Срок_подписки, Месяц_начала, Год_начала) VALUES (203, 4, '2024-01-21', '2023-12-01', '2023-01-01');
INSERT INTO Подписка (Код_получателя, Индекс_издания, Срок_подписки, Месяц_начала, Год_начала) VALUES (56, 2, '2023-12-24', '2023-06-01', '2023-01-01');
INSERT INTO Подписка (Код_получателя, Индекс_издания, Срок_подписки, Месяц_начала, Год_начала) VALUES (107, 19, '2023-04-01', '2022-04-01', '2022-01-01');
INSERT INTO Подписка (Код_получателя, Индекс_издания, Срок_подписки, Месяц_начала, Год_начала) VALUES (217, 9, '2020-08-25', '2020-03-01', '2020-01-01');
INSERT INTO Подписка (Код_получателя, Индекс_издания, Срок_подписки, Месяц_начала, Год_начала) VALUES (171, 4, '2022-08-09', '2022-06-01', '2022-01-01');
INSERT INTO Подписка (Код_получателя, Индекс_издания, Срок_подписки, Месяц_начала, Год_начала) VALUES (239, 11, '2024-02-02', '2023-09-01', '2023-01-01');
INSERT INTO Подписка (Код_получателя, Индекс_издания, Срок_подписки, Месяц_начала, Год_начала) VALUES (232, 16, '2020-11-25', '2020-01-01', '2020-01-01');
INSERT INTO Подписка (Код_получателя, Индекс_издания, Срок_подписки, Месяц_начала, Год_начала) VALUES (8, 7, '2020-11-01', '2020-02-01', '2020-01-01');
INSERT INTO Подписка (Код_получателя, Индекс_издания, Срок_подписки, Месяц_начала, Год_начала) VALUES (163, 16, '2022-01-14', '2021-10-01', '2021-01-01');
INSERT INTO Подписка (Код_получателя, Индекс_издания, Срок_подписки, Месяц_начала, Год_начала) VALUES (229, 15, '2021-10-17', '2020-10-01', '2020-01-01');
INSERT INTO Подписка (Код_получателя, Индекс_издания, Срок_подписки, Месяц_начала, Год_начала) VALUES (206, 13, '2023-06-11', '2022-11-01', '2022-01-01');
INSERT INTO Подписка (Код_получателя, Индекс_издания, Срок_подписки, Месяц_начала, Год_начала) VALUES (47, 19, '2022-09-14', '2022-01-01', '2022-01-01');
INSERT INTO Подписка (Код_получателя, Индекс_издания, Срок_подписки, Месяц_начала, Год_начала) VALUES (17, 9, '2021-02-13', '2020-11-01', '2020-01-01');
INSERT INTO Подписка (Код_получателя, Индекс_издания, Срок_подписки, Месяц_начала, Год_начала) VALUES (90, 19, '2021-09-30', '2021-05-01', '2021-01-01');
INSERT INTO Подписка (Код_получателя, Индекс_издания, Срок_подписки, Месяц_начала, Год_начала) VALUES (173, 5, '2022-04-07', '2021-04-01', '2021-01-01');
INSERT INTO Подписка (Код_получателя, Индекс_издания, Срок_подписки, Месяц_начала, Год_начала) VALUES (91, 19, '2024-01-19', '2023-12-01', '2023-01-01');
INSERT INTO Подписка (Код_получателя, Индекс_издания, Срок_подписки, Месяц_начала, Год_начала) VALUES (100, 2, '2022-11-24', '2021-12-01', '2021-01-01');
INSERT INTO Подписка (Код_получателя, Индекс_издания, Срок_подписки, Месяц_начала, Год_начала) VALUES (230, 2, '2024-02-06', '2023-07-01', '2023-01-01');
INSERT INTO Подписка (Код_получателя, Индекс_издания, Срок_подписки, Месяц_начала, Год_начала) VALUES (5, 3, '2020-11-06', '2020-05-01', '2020-01-01');
INSERT INTO Подписка (Код_получателя, Индекс_издания, Срок_подписки, Месяц_начала, Год_начала) VALUES (204, 11, '2023-05-01', '2023-03-01', '2023-01-01');
INSERT INTO Подписка (Код_получателя, Индекс_издания, Срок_подписки, Месяц_начала, Год_начала) VALUES (55, 10, '2021-08-17', '2020-12-01', '2020-01-01');
INSERT INTO Подписка (Код_получателя, Индекс_издания, Срок_подписки, Месяц_начала, Год_начала) VALUES (79, 12, '2022-03-26', '2021-11-01', '2021-01-01');
INSERT INTO Подписка (Код_получателя, Индекс_издания, Срок_подписки, Месяц_начала, Год_начала) VALUES (11, 18, '2020-12-05', '2020-03-01', '2020-01-01');
INSERT INTO Подписка (Код_получателя, Индекс_издания, Срок_подписки, Месяц_начала, Год_начала) VALUES (37, 2, '2020-12-18', '2020-01-01', '2020-01-01');
INSERT INTO Подписка (Код_получателя, Индекс_издания, Срок_подписки, Месяц_начала, Год_начала) VALUES (210, 3, '2021-05-15', '2021-03-01', '2021-01-01');
INSERT INTO Подписка (Код_получателя, Индекс_издания, Срок_подписки, Месяц_начала, Год_начала) VALUES (85, 17, '2024-03-13', '2023-06-01', '2023-01-01');
INSERT INTO Подписка (Код_получателя, Индекс_издания, Срок_подписки, Месяц_начала, Год_начала) VALUES (116, 14, '2023-09-11', '2022-12-01', '2022-01-01');
INSERT INTO Подписка (Код_получателя, Индекс_издания, Срок_подписки, Месяц_начала, Год_начала) VALUES (28, 1, '2022-07-11', '2022-04-01', '2022-01-01');
INSERT INTO Подписка (Код_получателя, Индекс_издания, Срок_подписки, Месяц_начала, Год_начала) VALUES (187, 13, '2020-12-12', '2020-06-01', '2020-01-01');
INSERT INTO Подписка (Код_получателя, Индекс_издания, Срок_подписки, Месяц_начала, Год_начала) VALUES (98, 1, '2021-11-23', '2021-09-01', '2021-01-01');
INSERT INTO Подписка (Код_получателя, Индекс_издания, Срок_подписки, Месяц_начала, Год_начала) VALUES (170, 15, '2023-08-23', '2023-03-01', '2023-01-01');
INSERT INTO Подписка (Код_получателя, Индекс_издания, Срок_подписки, Месяц_начала, Год_начала) VALUES (245, 11, '2021-12-16', '2021-06-01', '2021-01-01');
INSERT INTO Подписка (Код_получателя, Индекс_издания, Срок_подписки, Месяц_начала, Год_начала) VALUES (53, 2, '2020-11-27', '2020-06-01', '2020-01-01');
INSERT INTO Подписка (Код_получателя, Индекс_издания, Срок_подписки, Месяц_начала, Год_начала) VALUES (44, 10, '2022-04-28', '2021-10-01', '2021-01-01');
INSERT INTO Подписка (Код_получателя, Индекс_издания, Срок_подписки, Месяц_начала, Год_начала) VALUES (16, 9, '2020-05-15', '2020-03-01', '2020-01-01');
INSERT INTO Подписка (Код_получателя, Индекс_издания, Срок_подписки, Месяц_начала, Год_начала) VALUES (236, 18, '2022-10-18', '2021-11-01', '2021-01-01');
INSERT INTO Подписка (Код_получателя, Индекс_издания, Срок_подписки, Месяц_начала, Год_начала) VALUES (57, 12, '2022-01-11', '2021-11-01', '2021-01-01');
INSERT INTO Подписка (Код_получателя, Индекс_издания, Срок_подписки, Месяц_начала, Год_начала) VALUES (234, 12, '2021-01-26', '2020-11-01', '2020-01-01');
INSERT INTO Подписка (Код_получателя, Индекс_издания, Срок_подписки, Месяц_начала, Год_начала) VALUES (91, 6, '2022-08-24', '2021-09-01', '2021-01-01');
INSERT INTO Подписка (Код_получателя, Индекс_издания, Срок_подписки, Месяц_начала, Год_начала) VALUES (38, 11, '2023-09-13', '2023-04-01', '2023-01-01');
INSERT INTO Подписка (Код_получателя, Индекс_издания, Срок_подписки, Месяц_начала, Год_начала) VALUES (27, 15, '2023-10-13', '2022-12-01', '2022-01-01');
INSERT INTO Подписка (Код_получателя, Индекс_издания, Срок_подписки, Месяц_начала, Год_начала) VALUES (240, 6, '2021-07-20', '2021-03-01', '2021-01-01');
INSERT INTO Подписка (Код_получателя, Индекс_издания, Срок_подписки, Месяц_начала, Год_начала) VALUES (212, 7, '2021-07-24', '2020-09-01', '2020-01-01');
INSERT INTO Подписка (Код_получателя, Индекс_издания, Срок_подписки, Месяц_начала, Год_начала) VALUES (244, 12, '2022-09-19', '2022-06-01', '2022-01-01');
INSERT INTO Подписка (Код_получателя, Индекс_издания, Срок_подписки, Месяц_начала, Год_начала) VALUES (144, 19, '2023-04-27', '2022-06-01', '2022-01-01');
INSERT INTO Подписка (Код_получателя, Индекс_издания, Срок_подписки, Месяц_начала, Год_начала) VALUES (147, 19, '2021-10-22', '2021-02-01', '2021-01-01');
INSERT INTO Подписка (Код_получателя, Индекс_издания, Срок_подписки, Месяц_начала, Год_начала) VALUES (82, 13, '2021-01-10', '2020-11-01', '2020-01-01');
INSERT INTO Подписка (Код_получателя, Индекс_издания, Срок_подписки, Месяц_начала, Год_начала) VALUES (156, 18, '2022-02-15', '2021-05-01', '2021-01-01');
INSERT INTO Подписка (Код_получателя, Индекс_издания, Срок_подписки, Месяц_начала, Год_начала) VALUES (8, 18, '2020-07-05', '2020-01-01', '2020-01-01');
INSERT INTO Подписка (Код_получателя, Индекс_издания, Срок_подписки, Месяц_начала, Год_начала) VALUES (29, 8, '2024-04-23', '2023-09-01', '2023-01-01');
INSERT INTO Подписка (Код_получателя, Индекс_издания, Срок_подписки, Месяц_начала, Год_начала) VALUES (130, 6, '2020-11-24', '2020-09-01', '2020-01-01');
INSERT INTO Подписка (Код_получателя, Индекс_издания, Срок_подписки, Месяц_начала, Год_начала) VALUES (144, 8, '2024-01-24', '2023-03-01', '2023-01-01');
INSERT INTO Подписка (Код_получателя, Индекс_издания, Срок_подписки, Месяц_начала, Год_начала) VALUES (85, 20, '2020-11-05', '2020-08-01', '2020-01-01');
INSERT INTO Подписка (Код_получателя, Индекс_издания, Срок_подписки, Месяц_начала, Год_начала) VALUES (168, 14, '2023-11-23', '2023-09-01', '2023-01-01');
INSERT INTO Подписка (Код_получателя, Индекс_издания, Срок_подписки, Месяц_начала, Год_начала) VALUES (235, 16, '2023-09-11', '2023-06-01', '2023-01-01');
INSERT INTO Подписка (Код_получателя, Индекс_издания, Срок_подписки, Месяц_начала, Год_начала) VALUES (234, 19, '2023-11-12', '2023-03-01', '2023-01-01');
INSERT INTO Подписка (Код_получателя, Индекс_издания, Срок_подписки, Месяц_начала, Год_начала) VALUES (29, 3, '2021-10-20', '2021-05-01', '2021-01-01');
INSERT INTO Подписка (Код_получателя, Индекс_издания, Срок_подписки, Месяц_начала, Год_начала) VALUES (121, 14, '2021-06-29', '2020-12-01', '2020-01-01');
INSERT INTO Подписка (Код_получателя, Индекс_издания, Срок_подписки, Месяц_начала, Год_начала) VALUES (127, 18, '2022-09-12', '2021-11-01', '2021-01-01');
INSERT INTO Подписка (Код_получателя, Индекс_издания, Срок_подписки, Месяц_начала, Год_начала) VALUES (67, 11, '2024-11-01', '2023-12-01', '2023-01-01');
INSERT INTO Подписка (Код_получателя, Индекс_издания, Срок_подписки, Месяц_начала, Год_начала) VALUES (214, 5, '2021-03-05', '2020-10-01', '2020-01-01');
INSERT INTO Подписка (Код_получателя, Индекс_издания, Срок_подписки, Месяц_начала, Год_начала) VALUES (182, 13, '2021-03-07', '2020-05-01', '2020-01-01');
INSERT INTO Подписка (Код_получателя, Индекс_издания, Срок_подписки, Месяц_начала, Год_начала) VALUES (111, 11, '2020-08-23', '2020-02-01', '2020-01-01');
INSERT INTO Подписка (Код_получателя, Индекс_издания, Срок_подписки, Месяц_начала, Год_начала) VALUES (205, 19, '2022-12-06', '2022-04-01', '2022-01-01');
INSERT INTO Подписка (Код_получателя, Индекс_издания, Срок_подписки, Месяц_начала, Год_начала) VALUES (6, 16, '2022-01-29', '2021-12-01', '2021-01-01');
INSERT INTO Подписка (Код_получателя, Индекс_издания, Срок_подписки, Месяц_начала, Год_начала) VALUES (142, 3, '2023-08-27', '2023-04-01', '2023-01-01');
INSERT INTO Подписка (Код_получателя, Индекс_издания, Срок_подписки, Месяц_начала, Год_начала) VALUES (91, 4, '2022-10-17', '2022-01-01', '2022-01-01');
INSERT INTO Подписка (Код_получателя, Индекс_издания, Срок_подписки, Месяц_начала, Год_начала) VALUES (64, 19, '2021-06-20', '2021-05-01', '2021-01-01');
INSERT INTO Подписка (Код_получателя, Индекс_издания, Срок_подписки, Месяц_начала, Год_начала) VALUES (231, 8, '2020-12-08', '2020-08-01', '2020-01-01');
INSERT INTO Подписка (Код_получателя, Индекс_издания, Срок_подписки, Месяц_начала, Год_начала) VALUES (18, 11, '2024-01-23', '2023-08-01', '2023-01-01');
INSERT INTO Подписка (Код_получателя, Индекс_издания, Срок_подписки, Месяц_начала, Год_начала) VALUES (210, 6, '2022-09-01', '2021-09-01', '2021-01-01');
INSERT INTO Подписка (Код_получателя, Индекс_издания, Срок_подписки, Месяц_начала, Год_начала) VALUES (117, 19, '2022-06-08', '2021-11-01', '2021-01-01');
INSERT INTO Подписка (Код_получателя, Индекс_издания, Срок_подписки, Месяц_начала, Год_начала) VALUES (129, 3, '2021-10-10', '2021-03-01', '2021-01-01');
INSERT INTO Подписка (Код_получателя, Индекс_издания, Срок_подписки, Месяц_начала, Год_начала) VALUES (38, 2, '2021-08-12', '2021-02-01', '2021-01-01');
INSERT INTO Подписка (Код_получателя, Индекс_издания, Срок_подписки, Месяц_начала, Год_начала) VALUES (115, 4, '2024-02-09', '2023-07-01', '2023-01-01');
INSERT INTO Подписка (Код_получателя, Индекс_издания, Срок_подписки, Месяц_начала, Год_начала) VALUES (165, 14, '2023-05-13', '2022-05-01', '2022-01-01');
INSERT INTO Подписка (Код_получателя, Индекс_издания, Срок_подписки, Месяц_начала, Год_начала) VALUES (38, 17, '2024-04-09', '2023-08-01', '2023-01-01');
INSERT INTO Подписка (Код_получателя, Индекс_издания, Срок_подписки, Месяц_начала, Год_начала) VALUES (191, 15, '2020-10-28', '2020-02-01', '2020-01-01');
INSERT INTO Подписка (Код_получателя, Индекс_издания, Срок_подписки, Месяц_начала, Год_начала) VALUES (109, 20, '2023-08-17', '2022-09-01', '2022-01-01');
INSERT INTO Подписка (Код_получателя, Индекс_издания, Срок_подписки, Месяц_начала, Год_начала) VALUES (165, 9, '2024-01-31', '2023-02-01', '2023-01-01');
INSERT INTO Подписка (Код_получателя, Индекс_издания, Срок_подписки, Месяц_начала, Год_начала) VALUES (23, 5, '2024-03-20', '2023-04-01', '2023-01-01');
INSERT INTO Подписка (Код_получателя, Индекс_издания, Срок_подписки, Месяц_начала, Год_начала) VALUES (33, 10, '2023-08-14', '2022-09-01', '2022-01-01');
INSERT INTO Подписка (Код_получателя, Индекс_издания, Срок_подписки, Месяц_начала, Год_начала) VALUES (33, 13, '2022-12-02', '2022-08-01', '2022-01-01');
INSERT INTO Подписка (Код_получателя, Индекс_издания, Срок_подписки, Месяц_начала, Год_начала) VALUES (66, 13, '2023-07-05', '2022-12-01', '2022-01-01');
INSERT INTO Подписка (Код_получателя, Индекс_издания, Срок_подписки, Месяц_начала, Год_начала) VALUES (86, 2, '2021-03-23', '2020-08-01', '2020-01-01');
INSERT INTO Подписка (Код_получателя, Индекс_издания, Срок_подписки, Месяц_начала, Год_начала) VALUES (52, 3, '2022-03-05', '2021-11-01', '2021-01-01');
INSERT INTO Подписка (Код_получателя, Индекс_издания, Срок_подписки, Месяц_начала, Год_начала) VALUES (84, 1, '2020-12-16', '2020-02-01', '2020-01-01');
INSERT INTO Подписка (Код_получателя, Индекс_издания, Срок_подписки, Месяц_начала, Год_начала) VALUES (54, 9, '2021-10-09', '2021-07-01', '2021-01-01');
INSERT INTO Подписка (Код_получателя, Индекс_издания, Срок_подписки, Месяц_начала, Год_начала) VALUES (184, 2, '2023-08-05', '2022-08-01', '2022-01-01');
INSERT INTO Подписка (Код_получателя, Индекс_издания, Срок_подписки, Месяц_начала, Год_начала) VALUES (132, 5, '2022-04-14', '2022-03-01', '2022-01-01');
INSERT INTO Подписка (Код_получателя, Индекс_издания, Срок_подписки, Месяц_начала, Год_начала) VALUES (111, 19, '2024-05-15', '2023-11-01', '2023-01-01');
INSERT INTO Подписка (Код_получателя, Индекс_издания, Срок_подписки, Месяц_начала, Год_начала) VALUES (40, 20, '2021-03-03', '2020-10-01', '2020-01-01');
INSERT INTO Подписка (Код_получателя, Индекс_издания, Срок_подписки, Месяц_начала, Год_начала) VALUES (225, 16, '2021-03-22', '2020-08-01', '2020-01-01');
INSERT INTO Подписка (Код_получателя, Индекс_издания, Срок_подписки, Месяц_начала, Год_начала) VALUES (88, 10, '2023-03-16', '2022-12-01', '2022-01-01');
INSERT INTO Подписка (Код_получателя, Индекс_издания, Срок_подписки, Месяц_начала, Год_начала) VALUES (16, 10, '2021-05-25', '2020-12-01', '2020-01-01');
INSERT INTO Подписка (Код_получателя, Индекс_издания, Срок_подписки, Месяц_начала, Год_начала) VALUES (107, 14, '2024-11-17', '2023-12-01', '2023-01-01');
INSERT INTO Подписка (Код_получателя, Индекс_издания, Срок_подписки, Месяц_начала, Год_начала) VALUES (78, 1, '2024-07-10', '2023-08-01', '2023-01-01');
INSERT INTO Подписка (Код_получателя, Индекс_издания, Срок_подписки, Месяц_начала, Год_начала) VALUES (48, 18, '2022-05-23', '2021-12-01', '2021-01-01');
INSERT INTO Подписка (Код_получателя, Индекс_издания, Срок_подписки, Месяц_начала, Год_начала) VALUES (45, 11, '2021-01-07', '2020-06-01', '2020-01-01');
INSERT INTO Подписка (Код_получателя, Индекс_издания, Срок_подписки, Месяц_начала, Год_начала) VALUES (41, 2, '2020-11-24', '2020-07-01', '2020-01-01');
INSERT INTO Подписка (Код_получателя, Индекс_издания, Срок_подписки, Месяц_начала, Год_начала) VALUES (177, 9, '2020-12-30', '2020-05-01', '2020-01-01');
INSERT INTO Подписка (Код_получателя, Индекс_издания, Срок_подписки, Месяц_начала, Год_начала) VALUES (94, 6, '2023-11-05', '2023-03-01', '2023-01-01');
INSERT INTO Подписка (Код_получателя, Индекс_издания, Срок_подписки, Месяц_начала, Год_начала) VALUES (118, 1, '2020-12-11', '2020-01-01', '2020-01-01');
INSERT INTO Подписка (Код_получателя, Индекс_издания, Срок_подписки, Месяц_начала, Год_начала) VALUES (230, 9, '2022-07-22', '2021-10-01', '2021-01-01');
INSERT INTO Подписка (Код_получателя, Индекс_издания, Срок_подписки, Месяц_начала, Год_начала) VALUES (61, 15, '2021-12-31', '2021-09-01', '2021-01-01');
INSERT INTO Подписка (Код_получателя, Индекс_издания, Срок_подписки, Месяц_начала, Год_начала) VALUES (71, 19, '2024-02-11', '2023-06-01', '2023-01-01');
INSERT INTO Подписка (Код_получателя, Индекс_издания, Срок_подписки, Месяц_начала, Год_начала) VALUES (229, 11, '2020-03-22', '2020-01-01', '2020-01-01');
INSERT INTO Подписка (Код_получателя, Индекс_издания, Срок_подписки, Месяц_начала, Год_начала) VALUES (233, 13, '2022-05-14', '2022-03-01', '2022-01-01');
INSERT INTO Подписка (Код_получателя, Индекс_издания, Срок_подписки, Месяц_начала, Год_начала) VALUES (235, 10, '2022-09-13', '2021-12-01', '2021-01-01');
INSERT INTO Подписка (Код_получателя, Индекс_издания, Срок_подписки, Месяц_начала, Год_начала) VALUES (129, 1, '2023-04-15', '2022-08-01', '2022-01-01');
INSERT INTO Подписка (Код_получателя, Индекс_издания, Срок_подписки, Месяц_начала, Год_начала) VALUES (3, 17, '2020-09-14', '2020-05-01', '2020-01-01');
INSERT INTO Подписка (Код_получателя, Индекс_издания, Срок_подписки, Месяц_начала, Год_начала) VALUES (160, 16, '2023-03-02', '2022-08-01', '2022-01-01');
INSERT INTO Подписка (Код_получателя, Индекс_издания, Срок_подписки, Месяц_начала, Год_начала) VALUES (242, 15, '2023-12-12', '2023-02-01', '2023-01-01');
INSERT INTO Подписка (Код_получателя, Индекс_издания, Срок_подписки, Месяц_начала, Год_начала) VALUES (221, 2, '2023-10-17', '2023-07-01', '2023-01-01');
INSERT INTO Подписка (Код_получателя, Индекс_издания, Срок_подписки, Месяц_начала, Год_начала) VALUES (106, 20, '2022-07-26', '2022-02-01', '2022-01-01');
INSERT INTO Подписка (Код_получателя, Индекс_издания, Срок_подписки, Месяц_начала, Год_начала) VALUES (89, 9, '2024-05-21', '2023-09-01', '2023-01-01');
INSERT INTO Подписка (Код_получателя, Индекс_издания, Срок_подписки, Месяц_начала, Год_начала) VALUES (114, 15, '2024-04-24', '2023-08-01', '2023-01-01');
INSERT INTO Подписка (Код_получателя, Индекс_издания, Срок_подписки, Месяц_начала, Год_начала) VALUES (219, 4, '2023-05-20', '2022-11-01', '2022-01-01');
INSERT INTO Подписка (Код_получателя, Индекс_издания, Срок_подписки, Месяц_начала, Год_начала) VALUES (208, 8, '2021-12-30', '2021-11-01', '2021-01-01');
INSERT INTO Подписка (Код_получателя, Индекс_издания, Срок_подписки, Месяц_начала, Год_начала) VALUES (170, 4, '2021-07-28', '2021-04-01', '2021-01-01');
INSERT INTO Подписка (Код_получателя, Индекс_издания, Срок_подписки, Месяц_начала, Год_начала) VALUES (236, 1, '2020-04-10', '2020-02-01', '2020-01-01');
INSERT INTO Подписка (Код_получателя, Индекс_издания, Срок_подписки, Месяц_начала, Год_начала) VALUES (124, 19, '2020-10-15', '2020-01-01', '2020-01-01');
INSERT INTO Подписка (Код_получателя, Индекс_издания, Срок_подписки, Месяц_начала, Год_начала) VALUES (228, 4, '2022-05-17', '2021-10-01', '2021-01-01');
INSERT INTO Подписка (Код_получателя, Индекс_издания, Срок_подписки, Месяц_начала, Год_начала) VALUES (228, 9, '2021-10-08', '2020-10-01', '2020-01-01');
INSERT INTO Подписка (Код_получателя, Индекс_издания, Срок_подписки, Месяц_начала, Год_начала) VALUES (177, 12, '2020-10-07', '2020-07-01', '2020-01-01');
INSERT INTO Подписка (Код_получателя, Индекс_издания, Срок_подписки, Месяц_начала, Год_начала) VALUES (122, 7, '2021-03-11', '2020-10-01', '2020-01-01');
INSERT INTO Подписка (Код_получателя, Индекс_издания, Срок_подписки, Месяц_начала, Год_начала) VALUES (106, 18, '2021-07-25', '2020-07-01', '2020-01-01');
INSERT INTO Подписка (Код_получателя, Индекс_издания, Срок_подписки, Месяц_начала, Год_начала) VALUES (6, 11, '2024-06-30', '2023-07-01', '2023-01-01');
INSERT INTO Подписка (Код_получателя, Индекс_издания, Срок_подписки, Месяц_начала, Год_начала) VALUES (167, 1, '2022-02-01', '2021-02-01', '2021-01-01');
INSERT INTO Подписка (Код_получателя, Индекс_издания, Срок_подписки, Месяц_начала, Год_начала) VALUES (24, 13, '2022-03-17', '2021-10-01', '2021-01-01');
INSERT INTO Подписка (Код_получателя, Индекс_издания, Срок_подписки, Месяц_начала, Год_начала) VALUES (69, 5, '2020-09-09', '2020-06-01', '2020-01-01');
INSERT INTO Подписка (Код_получателя, Индекс_издания, Срок_подписки, Месяц_начала, Год_начала) VALUES (141, 14, '2021-03-24', '2020-09-01', '2020-01-01');
INSERT INTO Подписка (Код_получателя, Индекс_издания, Срок_подписки, Месяц_начала, Год_начала) VALUES (47, 2, '2022-10-16', '2021-12-01', '2021-01-01');
INSERT INTO Подписка (Код_получателя, Индекс_издания, Срок_подписки, Месяц_начала, Год_начала) VALUES (205, 13, '2023-06-14', '2023-04-01', '2023-01-01');
INSERT INTO Подписка (Код_получателя, Индекс_издания, Срок_подписки, Месяц_начала, Год_начала) VALUES (134, 8, '2022-03-30', '2021-09-01', '2021-01-01');
INSERT INTO Подписка (Код_получателя, Индекс_издания, Срок_подписки, Месяц_начала, Год_начала) VALUES (199, 10, '2023-12-10', '2023-02-01', '2023-01-01');
INSERT INTO Подписка (Код_получателя, Индекс_издания, Срок_подписки, Месяц_начала, Год_начала) VALUES (131, 8, '2024-05-15', '2023-06-01', '2023-01-01');
INSERT INTO Подписка (Код_получателя, Индекс_издания, Срок_подписки, Месяц_начала, Год_начала) VALUES (118, 15, '2023-10-15', '2023-06-01', '2023-01-01');
INSERT INTO Подписка (Код_получателя, Индекс_издания, Срок_подписки, Месяц_начала, Год_начала) VALUES (140, 19, '2022-09-23', '2021-11-01', '2021-01-01');
INSERT INTO Подписка (Код_получателя, Индекс_издания, Срок_подписки, Месяц_начала, Год_начала) VALUES (93, 6, '2022-02-13', '2021-09-01', '2021-01-01');
INSERT INTO Подписка (Код_получателя, Индекс_издания, Срок_подписки, Месяц_начала, Год_начала) VALUES (106, 14, '2022-09-04', '2022-04-01', '2022-01-01');
INSERT INTO Подписка (Код_получателя, Индекс_издания, Срок_подписки, Месяц_начала, Год_начала) VALUES (237, 5, '2023-03-19', '2022-11-01', '2022-01-01');
INSERT INTO Подписка (Код_получателя, Индекс_издания, Срок_подписки, Месяц_начала, Год_начала) VALUES (35, 16, '2020-09-13', '2020-05-01', '2020-01-01');
INSERT INTO Подписка (Код_получателя, Индекс_издания, Срок_подписки, Месяц_начала, Год_начала) VALUES (233, 20, '2024-07-05', '2023-08-01', '2023-01-01');
INSERT INTO Подписка (Код_получателя, Индекс_издания, Срок_подписки, Месяц_начала, Год_начала) VALUES (235, 6, '2020-11-06', '2020-08-01', '2020-01-01');
INSERT INTO Подписка (Код_получателя, Индекс_издания, Срок_подписки, Месяц_начала, Год_начала) VALUES (30, 20, '2022-10-01', '2021-11-01', '2021-01-01');
INSERT INTO Подписка (Код_получателя, Индекс_издания, Срок_подписки, Месяц_начала, Год_начала) VALUES (117, 3, '2020-10-14', '2020-07-01', '2020-01-01');
INSERT INTO Подписка (Код_получателя, Индекс_издания, Срок_подписки, Месяц_начала, Год_начала) VALUES (116, 19, '2021-05-15', '2021-01-01', '2021-01-01');
INSERT INTO Подписка (Код_получателя, Индекс_издания, Срок_подписки, Месяц_начала, Год_начала) VALUES (35, 10, '2021-03-25', '2020-05-01', '2020-01-01');
INSERT INTO Подписка (Код_получателя, Индекс_издания, Срок_подписки, Месяц_начала, Год_начала) VALUES (176, 6, '2023-03-17', '2022-12-01', '2022-01-01');
INSERT INTO Подписка (Код_получателя, Индекс_издания, Срок_подписки, Месяц_начала, Год_начала) VALUES (28, 14, '2021-08-25', '2021-03-01', '2021-01-01');
INSERT INTO Подписка (Код_получателя, Индекс_издания, Срок_подписки, Месяц_начала, Год_начала) VALUES (67, 6, '2021-04-15', '2021-02-01', '2021-01-01');
INSERT INTO Подписка (Код_получателя, Индекс_издания, Срок_подписки, Месяц_начала, Год_начала) VALUES (232, 15, '2022-12-19', '2022-07-01', '2022-01-01');
INSERT INTO Подписка (Код_получателя, Индекс_издания, Срок_подписки, Месяц_начала, Год_начала) VALUES (102, 11, '2023-10-14', '2023-02-01', '2023-01-01');
INSERT INTO Подписка (Код_получателя, Индекс_издания, Срок_подписки, Месяц_начала, Год_начала) VALUES (97, 7, '2021-02-02', '2020-04-01', '2020-01-01');
INSERT INTO Подписка (Код_получателя, Индекс_издания, Срок_подписки, Месяц_начала, Год_начала) VALUES (69, 3, '2023-03-13', '2022-10-01', '2022-01-01');
INSERT INTO Подписка (Код_получателя, Индекс_издания, Срок_подписки, Месяц_начала, Год_начала) VALUES (208, 10, '2022-12-09', '2022-10-01', '2022-01-01');
INSERT INTO Подписка (Код_получателя, Индекс_издания, Срок_подписки, Месяц_начала, Год_начала) VALUES (97, 5, '2021-11-27', '2021-07-01', '2021-01-01');
INSERT INTO Подписка (Код_получателя, Индекс_издания, Срок_подписки, Месяц_начала, Год_начала) VALUES (11, 6, '2023-04-22', '2023-01-01', '2023-01-01');
INSERT INTO Подписка (Код_получателя, Индекс_издания, Срок_подписки, Месяц_начала, Год_начала) VALUES (199, 4, '2022-07-11', '2021-09-01', '2021-01-01');
INSERT INTO Подписка (Код_получателя, Индекс_издания, Срок_подписки, Месяц_начала, Год_начала) VALUES (26, 8, '2023-12-12', '2023-04-01', '2023-01-01');
INSERT INTO Подписка (Код_получателя, Индекс_издания, Срок_подписки, Месяц_начала, Год_начала) VALUES (23, 1, '2023-04-22', '2022-11-01', '2022-01-01');
INSERT INTO Подписка (Код_получателя, Индекс_издания, Срок_подписки, Месяц_начала, Год_начала) VALUES (193, 12, '2023-11-13', '2023-03-01', '2023-01-01');
INSERT INTO Подписка (Код_получателя, Индекс_издания, Срок_подписки, Месяц_начала, Год_начала) VALUES (218, 14, '2022-12-22', '2022-10-01', '2022-01-01');
INSERT INTO Подписка (Код_получателя, Индекс_издания, Срок_подписки, Месяц_начала, Год_начала) VALUES (244, 4, '2022-08-22', '2021-09-01', '2021-01-01');
INSERT INTO Подписка (Код_получателя, Индекс_издания, Срок_подписки, Месяц_начала, Год_начала) VALUES (194, 5, '2024-06-01', '2023-10-01', '2023-01-01');
INSERT INTO Подписка (Код_получателя, Индекс_издания, Срок_подписки, Месяц_начала, Год_начала) VALUES (32, 4, '2022-12-03', '2022-09-01', '2022-01-01');
INSERT INTO Подписка (Код_получателя, Индекс_издания, Срок_подписки, Месяц_начала, Год_начала) VALUES (219, 6, '2023-01-20', '2022-03-01', '2022-01-01');
INSERT INTO Подписка (Код_получателя, Индекс_издания, Срок_подписки, Месяц_начала, Год_начала) VALUES (146, 11, '2022-05-30', '2021-09-01', '2021-01-01');
INSERT INTO Подписка (Код_получателя, Индекс_издания, Срок_подписки, Месяц_начала, Год_начала) VALUES (175, 7, '2022-08-25', '2021-11-01', '2021-01-01');
INSERT INTO Подписка (Код_получателя, Индекс_издания, Срок_подписки, Месяц_начала, Год_начала) VALUES (43, 2, '2020-11-27', '2020-08-01', '2020-01-01');
INSERT INTO Подписка (Код_получателя, Индекс_издания, Срок_подписки, Месяц_начала, Год_начала) VALUES (197, 3, '2022-09-14', '2022-02-01', '2022-01-01');
INSERT INTO Подписка (Код_получателя, Индекс_издания, Срок_подписки, Месяц_начала, Год_начала) VALUES (140, 19, '2022-11-14', '2022-06-01', '2022-01-01');
INSERT INTO Подписка (Код_получателя, Индекс_издания, Срок_подписки, Месяц_начала, Год_начала) VALUES (112, 6, '2020-11-04', '2020-09-01', '2020-01-01');
INSERT INTO Подписка (Код_получателя, Индекс_издания, Срок_подписки, Месяц_начала, Год_начала) VALUES (99, 12, '2022-12-14', '2022-09-01', '2022-01-01');
INSERT INTO Подписка (Код_получателя, Индекс_издания, Срок_подписки, Месяц_начала, Год_начала) VALUES (105, 1, '2021-08-11', '2021-04-01', '2021-01-01');
INSERT INTO Подписка (Код_получателя, Индекс_издания, Срок_подписки, Месяц_начала, Год_начала) VALUES (232, 2, '2024-05-06', '2023-10-01', '2023-01-01');
INSERT INTO Подписка (Код_получателя, Индекс_издания, Срок_подписки, Месяц_начала, Год_начала) VALUES (142, 9, '2023-10-03', '2023-02-01', '2023-01-01');
INSERT INTO Подписка (Код_получателя, Индекс_издания, Срок_подписки, Месяц_начала, Год_начала) VALUES (29, 2, '2022-10-22', '2021-12-01', '2021-01-01');
INSERT INTO Подписка (Код_получателя, Индекс_издания, Срок_подписки, Месяц_начала, Год_начала) VALUES (221, 13, '2021-09-05', '2021-07-01', '2021-01-01');
INSERT INTO Подписка (Код_получателя, Индекс_издания, Срок_подписки, Месяц_начала, Год_начала) VALUES (148, 2, '2022-05-06', '2021-10-01', '2021-01-01');
INSERT INTO Подписка (Код_получателя, Индекс_издания, Срок_подписки, Месяц_начала, Год_начала) VALUES (68, 3, '2021-01-20', '2020-03-01', '2020-01-01');
INSERT INTO Подписка (Код_получателя, Индекс_издания, Срок_подписки, Месяц_начала, Год_начала) VALUES (111, 8, '2021-06-13', '2020-07-01', '2020-01-01');
INSERT INTO Подписка (Код_получателя, Индекс_издания, Срок_подписки, Месяц_начала, Год_начала) VALUES (194, 5, '2022-03-25', '2021-03-01', '2021-01-01');
INSERT INTO Подписка (Код_получателя, Индекс_издания, Срок_подписки, Месяц_начала, Год_начала) VALUES (182, 3, '2021-01-28', '2020-08-01', '2020-01-01');
INSERT INTO Подписка (Код_получателя, Индекс_издания, Срок_подписки, Месяц_начала, Год_начала) VALUES (150, 15, '2022-08-05', '2021-11-01', '2021-01-01');
INSERT INTO Подписка (Код_получателя, Индекс_издания, Срок_подписки, Месяц_начала, Год_начала) VALUES (173, 12, '2021-05-06', '2020-09-01', '2020-01-01');
INSERT INTO Подписка (Код_получателя, Индекс_издания, Срок_подписки, Месяц_начала, Год_начала) VALUES (126, 18, '2022-01-06', '2021-03-01', '2021-01-01');
INSERT INTO Подписка (Код_получателя, Индекс_издания, Срок_подписки, Месяц_начала, Год_начала) VALUES (101, 20, '2020-10-13', '2020-07-01', '2020-01-01');
INSERT INTO Подписка (Код_получателя, Индекс_издания, Срок_подписки, Месяц_начала, Год_начала) VALUES (127, 8, '2022-02-07', '2021-03-01', '2021-01-01');
INSERT INTO Подписка (Код_получателя, Индекс_издания, Срок_подписки, Месяц_начала, Год_начала) VALUES (55, 20, '2024-06-08', '2023-06-01', '2023-01-01');
INSERT INTO Подписка (Код_получателя, Индекс_издания, Срок_подписки, Месяц_начала, Год_начала) VALUES (110, 2, '2021-01-10', '2020-05-01', '2020-01-01');
INSERT INTO Подписка (Код_получателя, Индекс_издания, Срок_подписки, Месяц_начала, Год_начала) VALUES (173, 16, '2022-05-14', '2021-07-01', '2021-01-01');
INSERT INTO Подписка (Код_получателя, Индекс_издания, Срок_подписки, Месяц_начала, Год_начала) VALUES (111, 2, '2022-06-26', '2021-12-01', '2021-01-01');
INSERT INTO Подписка (Код_получателя, Индекс_издания, Срок_подписки, Месяц_начала, Год_начала) VALUES (194, 1, '2021-04-26', '2020-09-01', '2020-01-01');
INSERT INTO Подписка (Код_получателя, Индекс_издания, Срок_подписки, Месяц_начала, Год_начала) VALUES (126, 12, '2023-10-18', '2023-03-01', '2023-01-01');
INSERT INTO Подписка (Код_получателя, Индекс_издания, Срок_подписки, Месяц_начала, Год_начала) VALUES (4, 13, '2021-10-27', '2021-02-01', '2021-01-01');
INSERT INTO Подписка (Код_получателя, Индекс_издания, Срок_подписки, Месяц_начала, Год_начала) VALUES (37, 19, '2023-07-22', '2023-02-01', '2023-01-01');
INSERT INTO Подписка (Код_получателя, Индекс_издания, Срок_подписки, Месяц_начала, Год_начала) VALUES (210, 12, '2023-03-15', '2022-06-01', '2022-01-01');
INSERT INTO Подписка (Код_получателя, Индекс_издания, Срок_подписки, Месяц_начала, Год_начала) VALUES (18, 20, '2023-11-18', '2022-12-01', '2022-01-01');
INSERT INTO Подписка (Код_получателя, Индекс_издания, Срок_подписки, Месяц_начала, Год_начала) VALUES (193, 2, '2022-01-15', '2021-12-01', '2021-01-01');
INSERT INTO Подписка (Код_получателя, Индекс_издания, Срок_подписки, Месяц_начала, Год_начала) VALUES (145, 20, '2022-07-09', '2021-11-01', '2021-01-01');
INSERT INTO Подписка (Код_получателя, Индекс_издания, Срок_подписки, Месяц_начала, Год_начала) VALUES (10, 6, '2024-06-19', '2023-10-01', '2023-01-01');
INSERT INTO Подписка (Код_получателя, Индекс_издания, Срок_подписки, Месяц_начала, Год_начала) VALUES (87, 7, '2020-03-24', '2020-01-01', '2020-01-01');
INSERT INTO Подписка (Код_получателя, Индекс_издания, Срок_подписки, Месяц_начала, Год_начала) VALUES (41, 20, '2020-10-06', '2020-02-01', '2020-01-01');
INSERT INTO Подписка (Код_получателя, Индекс_издания, Срок_подписки, Месяц_начала, Год_начала) VALUES (72, 19, '2024-07-22', '2023-12-01', '2023-01-01');
INSERT INTO Подписка (Код_получателя, Индекс_издания, Срок_подписки, Месяц_начала, Год_начала) VALUES (247, 1, '2021-03-14', '2020-10-01', '2020-01-01');
INSERT INTO Подписка (Код_получателя, Индекс_издания, Срок_подписки, Месяц_начала, Год_начала) VALUES (34, 9, '2021-09-15', '2021-02-01', '2021-01-01');
INSERT INTO Подписка (Код_получателя, Индекс_издания, Срок_подписки, Месяц_начала, Год_начала) VALUES (37, 14, '2022-10-20', '2022-03-01', '2022-01-01');
